{"id":1312,"date":"2014-01-21T13:16:42","date_gmt":"2014-01-21T13:16:42","guid":{"rendered":"http:\/\/www.kuenstlergemeinschaft.at\/?page_id=1312"},"modified":"2024-01-08T10:17:29","modified_gmt":"2024-01-08T10:17:29","slug":"1312-2","status":"publish","type":"page","link":"https:\/\/www.kuenstlergemeinschaft.at\/?page_id=1312","title":{"rendered":"Floch Robert"},"content":{"rendered":"<h2>Biographie<\/h2>\n<div id=\"makeMeScrollable\">\n<div class=\"scrollWrapper\">\n<div class=\"scrollableArea\"><img decoding=\"async\" src=\"https:\/\/www.kuenstlergemeinschaft.at\/wp-content\/themes\/twentyten\/images\/floch_020.jpg\" alt=\"\" \/><img decoding=\"async\" src=\"https:\/\/www.kuenstlergemeinschaft.at\/wp-content\/themes\/twentyten\/images\/floch_030.jpg\" alt=\"\" \/><img decoding=\"async\" src=\"https:\/\/www.kuenstlergemeinschaft.at\/wp-content\/themes\/twentyten\/images\/floch_040.jpg\" alt=\"\" \/><img decoding=\"async\" src=\"https:\/\/www.kuenstlergemeinschaft.at\/wp-content\/themes\/twentyten\/images\/floch_050.jpg\" alt=\"\" \/><\/div>\n<\/div>\n<\/div>\n<p>In Wien geboren, langj\u00e4hriger Aufenthalt in Deutschland und Frankreich.<\/p>\n<p>ab 1986 Zeichnung und Aquarell bei Prof. Hans Escher und Prof. Fritz Martinz<\/p>\n<p><em>Robert Floch ist als K\u00fcnstler wie Janus. Er stellt \u2013 zuweilen unerwartet f\u00fcr den Betrachter \u2013 das Innere dar, wobei nicht offenkundig ist, ob es sich dabei um SEIN Inneres handelt.<\/em><\/p>\n<p><em>Mit seinem zweiten Gesicht, schaut er nach au\u00dfen und zeigt uns\u2026 Tiere. Die sieht er. So wie sie sind. Oder wie er glaubt, dass sie sind. Man kann jedenfalls nicht sicher sein, dass er sich tats\u00e4chlich (nur) um Tiere handelt. Trotzdem: Robert Floch malt (auch) Tiere. Und zeichnet sie (manchmal). Nach der Natur. Oder vorher. Aber immer akkurat. Nein, es wird hier nicht \u00fcber den D\u00fcrer-Hasen, obwohl\u2026<\/em><\/p>\n<p><em>Klischees vermissen wir in den Bildern von Robert Floch. Wohltuend. Und deshalb sind sie anschaulich. Das hei\u00dft: wir sehen das ANDERE in seinen Bildern. Und hinter seinen Objekten. Robert Floch schaut hinter die Dinge. Und befindet sich demgem\u00e4\u00df vorne. Sein Credo lautet: hinschauen\u2026, vor allem: nach \u2013 schauen. Und er sorgt in seinen Arbeiten immer daf\u00fcr, dass ALLES da ist, dass das Wesentliche pr\u00e4sent ist, ohne sich vorzudr\u00e4ngen. Und seine Technik \u2026 ach ja, die Technik.<\/em><\/p>\n<p><em>Wichtiger ist es, darauf hinzuweisen, dass das Bild \u201eL\u00e4chelndes Kamel\u201c vermutlich der schmunzelnde Robert Floch ist. Das sagt mehr \u00fcber seine Intentionen, als die Technik, mit der er ans Werk geht. Und wenn irgendwann unerwartet ein LEIBHAFTIGES Tier vor ihnen steht, erschrecken sie nicht \u2026 es ist wahrscheinlich ein Bild von Robert Floch.<\/em><\/p>\n<p>Text\u00a0 \u00a9 2011 by Peter Minib\u00f6ck<\/p>\n<p>Seit 1994 Ausstellungen u. Ausstellungsbeteiligungen &#8211;\u00a0<strong>Details unter\u00a0<a title=\"Robert Floch\" href=\"http:\/\/www.floch.at\" target=\"_blank\" rel=\"noopener\">www.floch.at\u200e<\/a><\/strong><\/p>\n<h2>Kontakt<\/h2>\n<p><a href=\"https:\/\/www.kuenstlergemeinschaft.at\/wp-content\/uploads\/2014\/01\/r_floch.jpg\"><img loading=\"lazy\" decoding=\"async\" class=\"alignleft size-full wp-image-1313\" title=\"r_floch\" src=\"https:\/\/www.kuenstlergemeinschaft.at\/wp-content\/uploads\/2014\/01\/r_floch.jpg\" alt=\"Robert Floch\" width=\"150\" height=\"150\" \/><\/a><\/p>\n<p>rfloch@gmx.at<br \/>\n+43-(0)699-10191712<\/p>\n<p><a title=\"Robert Floch\" href=\"http:\/\/www.floch.at\" target=\"_blank\" rel=\"noopener\">www.floch.at\u200e<\/a><\/p>\n","protected":false},"excerpt":{"rendered":"<p>Biographie In Wien geboren, langj\u00e4hriger Aufenthalt in Deutschland und Frankreich. ab 1986 Zeichnung und Aquarell bei Prof. Hans Escher und Prof. Fritz Martinz Robert Floch ist als K\u00fcnstler wie Janus. Er stellt \u2013 zuweilen unerwartet f\u00fcr den Betrachter \u2013 das &hellip; <a href=\"https:\/\/www.kuenstlergemeinschaft.at\/?page_id=1312\">Weiterlesen <span class=\"meta-nav\">&rarr;<\/span><\/a><\/p>\n","protected":false},"author":1,"featured_media":0,"parent":0,"menu_order":0,"comment_status":"open","ping_status":"closed","template":"","meta":{"footnotes":""},"_links":{"self":[{"href":"https:\/\/www.kuenstlergemeinschaft.at\/index.php?rest_route=\/wp\/v2\/pages\/1312"}],"collection":[{"href":"https:\/\/www.kuenstlergemeinschaft.at\/index.php?rest_route=\/wp\/v2\/pages"}],"about":[{"href":"https:\/\/www.kuenstlergemeinschaft.at\/index.php?rest_route=\/wp\/v2\/types\/page"}],"author":[{"embeddable":true,"href":"https:\/\/www.kuenstlergemeinschaft.at\/index.php?rest_route=\/wp\/v2\/users\/1"}],"replies":[{"embeddable":true,"href":"https:\/\/www.kuenstlergemeinschaft.at\/index.php?rest_route=%2Fwp%2Fv2%2Fcomments&post=1312"}],"version-history":[{"count":19,"href":"https:\/\/www.kuenstlergemeinschaft.at\/index.php?rest_route=\/wp\/v2\/pages\/1312\/revisions"}],"predecessor-version":[{"id":2309,"href":"https:\/\/www.kuenstlergemeinschaft.at\/index.php?rest_route=\/wp\/v2\/pages\/1312\/revisions\/2309"}],"wp:attachment":[{"href":"https:\/\/www.kuenstlergemeinschaft.at\/index.php?rest_route=%2Fwp%2Fv2%2Fmedia&parent=1312"}],"curies":[{"name":"wp","href":"https:\/\/api.w.org\/{rel}","templated":true}]}}

<h2>Biographie</h2>
<div id="makeMeScrollable">
<div class="scrollWrapper">
<div class="scrollableArea"><img decoding="async" src="https://www.kuenstlergemeinschaft.at/wp-content/themes/twentyten/images/floch_020.jpg" alt="" /><img decoding="async" src="https://www.kuenstlergemeinschaft.at/wp-content/themes/twentyten/images/floch_030.jpg" alt="" /><img decoding="async" src="https://www.kuenstlergemeinschaft.at/wp-content/themes/twentyten/images/floch_040.jpg" alt="" /><img decoding="async" src="https://www.kuenstlergemeinschaft.at/wp-content/themes/twentyten/images/floch_050.jpg" alt="" /></div>
</div>
</div>
<p>In Wien geboren, langjähriger Aufenthalt in Deutschland und Frankreich.</p>
<p>ab 1986 Zeichnung und Aquarell bei Prof. Hans Escher und Prof. Fritz Martinz</p>
<p><em>Robert Floch ist als Künstler wie Janus. Er stellt – zuweilen unerwartet für den Betrachter – das Innere dar, wobei nicht offenkundig ist, ob es sich dabei um SEIN Inneres handelt.</em></p>
<p><em>Mit seinem zweiten Gesicht, schaut er nach außen und zeigt uns… Tiere. Die sieht er. So wie sie sind. Oder wie er glaubt, dass sie sind. Man kann jedenfalls nicht sicher sein, dass er sich tatsächlich (nur) um Tiere handelt. Trotzdem: Robert Floch malt (auch) Tiere. Und zeichnet sie (manchmal). Nach der Natur. Oder vorher. Aber immer akkurat. Nein, es wird hier nicht über den Dürer-Hasen, obwohl…</em></p>
<p><em>Klischees vermissen wir in den Bildern von Robert Floch. Wohltuend. Und deshalb sind sie anschaulich. Das heißt: wir sehen das ANDERE in seinen Bildern. Und hinter seinen Objekten. Robert Floch schaut hinter die Dinge. Und befindet sich demgemäß vorne. Sein Credo lautet: hinschauen…, vor allem: nach – schauen. Und er sorgt in seinen Arbeiten immer dafür, dass ALLES da ist, dass das Wesentliche präsent ist, ohne sich vorzudrängen. Und seine Technik … ach ja, die Technik.</em></p>
<p><em>Wichtiger ist es, darauf hinzuweisen, dass das Bild „Lächelndes Kamel“ vermutlich der schmunzelnde Robert Floch ist. Das sagt mehr über seine Intentionen, als die Technik, mit der er ans Werk geht. Und wenn irgendwann unerwartet ein LEIBHAFTIGES Tier vor ihnen steht, erschrecken sie nicht … es ist wahrscheinlich ein Bild von Robert Floch.</em></p>
<p>Text  © 2011 by Peter Miniböck</p>
<p>Seit 1994 Ausstellungen u. Ausstellungsbeteiligungen &#8211; <strong>Details unter <a title="Robert Floch" href="http://www.floch.at" target="_blank" rel="noopener">www.floch.at‎</a></strong></p>
<h2>Kontakt</h2>
<p><a href="https://www.kuenstlergemeinschaft.at/wp-content/uploads/2014/01/r_floch.jpg"><img loading="lazy" decoding="async" class="alignleft size-full wp-image-1313" title="r_floch" src="https://www.kuenstlergemeinschaft.at/wp-content/uploads/2014/01/r_floch.jpg" alt="Robert Floch" width="150" height="150" /></a></p>
<p>rfloch@gmx.at<br />
+43-(0)699-10191712</p>
<p><a title="Robert Floch" href="http://www.floch.at" target="_blank" rel="noopener">www.floch.at‎</a></p>

<p>Biographie In Wien geboren, langjähriger Aufenthalt in Deutschland und Frankreich. ab 1986 Zeichnung und Aquarell bei Prof. Hans Escher und Prof. Fritz Martinz Robert Floch ist als Künstler wie Janus. Er stellt – zuweilen unerwartet für den Betrachter – das &hellip; <a href="https://www.kuenstlergemeinschaft.at/?page_id=1312">Weiterlesen <span class="meta-nav">&rarr;</span></a></p>
