{"id":143,"date":"2012-02-26T20:18:54","date_gmt":"2012-02-26T20:18:54","guid":{"rendered":"http:\/\/jessner.com\/einmahleins\/?page_id=143"},"modified":"2024-01-08T10:18:39","modified_gmt":"2024-01-08T10:18:39","slug":"gutruf-gerhard","status":"publish","type":"page","link":"https:\/\/www.kuenstlergemeinschaft.at\/?page_id=143","title":{"rendered":"Gutruf Gerhard"},"content":{"rendered":"<h2>Biographie<\/h2>\n<div id=\"makeMeScrollable\">\n<div class=\"scrollingHotSpotRight\"><\/div>\n<\/div>\n<p>geb. am 17.3.1944 in Nikitsch, \u00d6sterreich. 1946 &#8211; 54 in Baden, lebt seither in Wien.<\/p>\n<p>W\u00e4hrend der Mittelschulzeit Besuch von Malkursen. Nebenbei Amateurringer von 1958 bis 1962: neunmal Wiener Meister, Vize-Jugendmeister von \u00d6sterreich. Studiert 1962 bis 1970 Malerei, B\u00fchnenbild und Kunsterziehung an der Akademie der bildenden K\u00fcnste, Wien, u.a. bei den Professoren Sergius Pauser (Assistent Martin Polasek), Lois Egg und Josef Mikl; Abendakt bei Herbert Boeckl. 1966 Diplom f\u00fcr Malerei und Abgangspreis der Akademie der bildenden K\u00fcnste. Anschlie\u00ad\u00dfend einj\u00e4hriges Romstipendium, seither jedes Jahr mehrw\u00f6chige Italien\u00ad-Malreisen. Be\u00adsch\u00e4ftigung mit Sozialuto\u00adpien: Entwick\u00adlung der Maschinenland\u00adschaften. Periodische Ver\u00f6ffentlichungen von Zeich\u00adnungen in &#8222;Die Presse&#8220;. 1971 erste Colosseo-Variationen. Vermeer-Studien, malt 1973 &#8211; 76 an seiner Paraphrase Hommage \u00e0 Vermeer. 1975 Preis des Wiener Kunstfonds. 1975 &#8211; 79 Leiter der Abteilung &#8222;Zeichnen und Theorie&#8220; im Rahmen des Seminars f\u00fcr Bildnerisches Gestalten bei Prof. Claus Pack an der Internatio\u00adnalen Sommerakademie f\u00fcr bildende Kunst, Salzburg. Er\u00adfin\u00addung demontabler Schmuckbilder und Objekte. Kleine Variationen nach gro\u00dfen Meistern. Velazquez-Para\u00adphrasen. 1980 Theodor K\u00f6rner Preis. 1982 &#8211; 1997 k\u00fcnstlerischer Leiter des Weinviertler Kultursom\u00admers (WKS) und der Internationalen Sommerseminare f\u00fcr bildende Kunst (ISoS). Regt Entwicklung einer Kupplung f\u00fcr F. Sch\u00e4chters Bic-Produktionsmaschine an. 1989 Besuch beim ber\u00fchmten 90-j\u00e4hrigen Maler Rufino Tamayo in Mexico City; wird von ihm einge\u00adladen, eine Ausstellung in Mexico zu zeigen. 1992 &#8211; 2000 Erarbeitung von zahlreichen Druckgrafiken in der Kupfer\u00addruckerei Rolf Meier, Winterthur. 1994 Pr\u00e4sentation eines Alterna\u00adtiv-Projekts f\u00fcr das Wiener Museumsquartier (Einbeziehung und radikale k\u00fcnstlerische Gestaltung des Stiftskasernengel\u00e4n\u00addes). Beginn des Space-Zyklus. 1995 B\u00fchnenbild zu einer Neufassung von Shakespeares Kom\u00f6die der Irrungen&#8220;. 1997 Gastvorlesung \u00fcber Vermeers &#8222;Allegorie der Malerei im KH Institut der Uni Wien. Vortrag in der School of Fine Arts, Addis Abbeba. 1. Aussendung Vermeer Research Vienna &#8222;Die Milchmagd&#8220;: Klapptischtheorie. 1998 Gastvorlesung &#8222;Austrian Painting in the 20. Century&#8220; University of Pretoria. 1999 entdeckt perspektivische Finessen in Vermeers &#8222;Kleine Stra\u00dfe in Delft&#8220;: formuliert &#8222;das Ende der Camera-Obscura-Theorie&#8220;. \u00d6sterr. Ehrenkreuz f\u00fcr Wissenschaft und Kunst. Zweites Atelier in Baden bei Wien. 2000 wird vom Doyen der chinesischen Maler Liu Xun eingeladen, im Zentrum Pekings eine Ausstellung zu pr\u00e4sentieren. 2002 Sch\u00e4chter-Scholarship for Advanced Studies, New York. Malt Tante Mitzi oder das 20. Jahrhundert. 2003 Madrid-Mappe. 2005 Goldenes Ehrenzeichen f\u00fcr Verdienste um das Bundesland Nieder\u00f6sterreich. Zuletzt Studien in China, \u00c4gypten, New York, Madrid, in der Provence und der Toskana.<\/p>\n<p>Gerhard Gutruf wurde im Juni 2007 der Berufstitel Professor verliehen.<\/p>\n<h2>Kontakt<\/h2>\n<p><img decoding=\"async\" src=\"https:\/\/www.kuenstlergemeinschaft.at\/wp-content\/themes\/twentyten\/images\/gutruf.jpg\" alt=\"Gerhard Gutruf\" \/><br \/>\n<a title=\"www.gutruf.at\" href=\"http:\/\/www.gutruf.at\" target=\"_blank\" rel=\"noopener\">www.gutruf.at<\/a><\/p>\n","protected":false},"excerpt":{"rendered":"<p>Biographie geb. am 17.3.1944 in Nikitsch, \u00d6sterreich. 1946 &#8211; 54 in Baden, lebt seither in Wien. W\u00e4hrend der Mittelschulzeit Besuch von Malkursen. Nebenbei Amateurringer von 1958 bis 1962: neunmal Wiener Meister, Vize-Jugendmeister von \u00d6sterreich. Studiert 1962 bis 1970 Malerei, B\u00fchnenbild &hellip; <a href=\"https:\/\/www.kuenstlergemeinschaft.at\/?page_id=143\">Weiterlesen <span class=\"meta-nav\">&rarr;<\/span><\/a><\/p>\n","protected":false},"author":1,"featured_media":0,"parent":0,"menu_order":0,"comment_status":"open","ping_status":"closed","template":"","meta":{"footnotes":""},"_links":{"self":[{"href":"https:\/\/www.kuenstlergemeinschaft.at\/index.php?rest_route=\/wp\/v2\/pages\/143"}],"collection":[{"href":"https:\/\/www.kuenstlergemeinschaft.at\/index.php?rest_route=\/wp\/v2\/pages"}],"about":[{"href":"https:\/\/www.kuenstlergemeinschaft.at\/index.php?rest_route=\/wp\/v2\/types\/page"}],"author":[{"embeddable":true,"href":"https:\/\/www.kuenstlergemeinschaft.at\/index.php?rest_route=\/wp\/v2\/users\/1"}],"replies":[{"embeddable":true,"href":"https:\/\/www.kuenstlergemeinschaft.at\/index.php?rest_route=%2Fwp%2Fv2%2Fcomments&post=143"}],"version-history":[{"count":10,"href":"https:\/\/www.kuenstlergemeinschaft.at\/index.php?rest_route=\/wp\/v2\/pages\/143\/revisions"}],"predecessor-version":[{"id":2311,"href":"https:\/\/www.kuenstlergemeinschaft.at\/index.php?rest_route=\/wp\/v2\/pages\/143\/revisions\/2311"}],"wp:attachment":[{"href":"https:\/\/www.kuenstlergemeinschaft.at\/index.php?rest_route=%2Fwp%2Fv2%2Fmedia&parent=143"}],"curies":[{"name":"wp","href":"https:\/\/api.w.org\/{rel}","templated":true}]}}