{"id":147,"date":"2012-02-26T20:19:16","date_gmt":"2012-02-26T20:19:16","guid":{"rendered":"http:\/\/jessner.com\/einmahleins\/?page_id=147"},"modified":"2013-01-01T20:07:47","modified_gmt":"2013-01-01T20:07:47","slug":"kern-helmut","status":"publish","type":"page","link":"https:\/\/www.kuenstlergemeinschaft.at\/?page_id=147","title":{"rendered":"Kern Helmut"},"content":{"rendered":"<h2>Biographie<\/h2>\n<div id=\"makeMeScrollable\">\n<div class=\"scrollingHotSpotLeft\"><\/div>\n<div class=\"scrollingHotSpotRight\"><\/div>\n<div class=\"scrollWrapper\">\n<div class=\"scrollableArea\"><img decoding=\"async\" src=\"https:\/\/www.kuenstlergemeinschaft.at\/wp-content\/themes\/twentyten\/images\/kern_010.jpg\"\/><img decoding=\"async\" src=\"https:\/\/www.kuenstlergemeinschaft.at\/wp-content\/themes\/twentyten\/images\/kern_020.jpg\" alt=\"\" \/><img decoding=\"async\" src=\"https:\/\/www.kuenstlergemeinschaft.at\/wp-content\/themes\/twentyten\/images\/kern_030.jpg\"\/><\/div>\n<\/div>\n<\/div>\n<p>1928 geboren in Linz , 2009 verstorben<\/p>\n<p>seit 1943 Besch\u00e4ftigung mit Malen und Zeichnen, Studium bei Prof. Ikrath<br \/>\n(Portr\u00e4t)<br \/>\n1948 \u2013 1953 Architekturstudium an der Technischen Universit\u00e4t Wien<br \/>\n1953 \u2013 1993 T\u00e4tigkeit als freischaffender Architekt in Wien<br \/>\n1970 \u2013 1975 Studium bei Prof. Martinz (Aktzeichnen)<br \/>\nseit 1967 zahlreiche Einzel- und Gruppenausstellungen in \u00d6sterreich,<br \/>\nDeutschland und Schweiz<br \/>\nMitglied der K\u00fcnstlergemeinschaft Westl. Weinviertel <\/p>\n<p>Publikationen:<br \/>\n\u201e\u00d6sterreichische Aquarellisten der Gegenwart\u201c<br \/>\n\u201e10 Jahre Galerie am Doktorberg\u201c<br \/>\nKunstkalender 1990 \u201eBilder aus Italien\u201c<br \/>\nKunstkalender 1993 \u201eWiener Ansichten\u201c<br \/>\n\u201e20 Jahre Kunst bei Kenst\u201c <\/p>\n<p>Ank\u00e4ufe:<br \/>\nGrafische Sammlungen Albertina; BM f\u00fcr Unterricht und Kunst; Kulturamt der Stadt Wien; \u00c4mter der N\u00d6 und O\u00d6 Landesregierungen; Banken, Versicherungen, Krankenh\u00e4user und andere \u00f6ffentliche Institutionen; private Sammler aus Europa und \u00dcbersee<\/p>\n<p><img decoding=\"async\" src=\"https:\/\/www.kuenstlergemeinschaft.at\/wp-content\/themes\/twentyten\/images\/kern.jpg\" alt=\"Helmut Kern\" \/><\/p>\n","protected":false},"excerpt":{"rendered":"<p>Biographie 1928 geboren in Linz , 2009 verstorben seit 1943 Besch\u00e4ftigung mit Malen und Zeichnen, Studium bei Prof. Ikrath (Portr\u00e4t) 1948 \u2013 1953 Architekturstudium an der Technischen Universit\u00e4t Wien 1953 \u2013 1993 T\u00e4tigkeit als freischaffender Architekt in Wien 1970 \u2013 &hellip; <a href=\"https:\/\/www.kuenstlergemeinschaft.at\/?page_id=147\">Weiterlesen <span class=\"meta-nav\">&rarr;<\/span><\/a><\/p>\n","protected":false},"author":1,"featured_media":0,"parent":0,"menu_order":0,"comment_status":"open","ping_status":"closed","template":"","meta":{"footnotes":""},"_links":{"self":[{"href":"https:\/\/www.kuenstlergemeinschaft.at\/index.php?rest_route=\/wp\/v2\/pages\/147"}],"collection":[{"href":"https:\/\/www.kuenstlergemeinschaft.at\/index.php?rest_route=\/wp\/v2\/pages"}],"about":[{"href":"https:\/\/www.kuenstlergemeinschaft.at\/index.php?rest_route=\/wp\/v2\/types\/page"}],"author":[{"embeddable":true,"href":"https:\/\/www.kuenstlergemeinschaft.at\/index.php?rest_route=\/wp\/v2\/users\/1"}],"replies":[{"embeddable":true,"href":"https:\/\/www.kuenstlergemeinschaft.at\/index.php?rest_route=%2Fwp%2Fv2%2Fcomments&post=147"}],"version-history":[{"count":5,"href":"https:\/\/www.kuenstlergemeinschaft.at\/index.php?rest_route=\/wp\/v2\/pages\/147\/revisions"}],"predecessor-version":[{"id":788,"href":"https:\/\/www.kuenstlergemeinschaft.at\/index.php?rest_route=\/wp\/v2\/pages\/147\/revisions\/788"}],"wp:attachment":[{"href":"https:\/\/www.kuenstlergemeinschaft.at\/index.php?rest_route=%2Fwp%2Fv2%2Fmedia&parent=147"}],"curies":[{"name":"wp","href":"https:\/\/api.w.org\/{rel}","templated":true}]}}