{"id":169,"date":"2012-02-26T20:21:15","date_gmt":"2012-02-26T20:21:15","guid":{"rendered":"http:\/\/jessner.com\/einmahleins\/?page_id=169"},"modified":"2024-01-08T10:40:07","modified_gmt":"2024-01-08T10:40:07","slug":"wunder-bibiana","status":"publish","type":"page","link":"https:\/\/www.kuenstlergemeinschaft.at\/?page_id=169","title":{"rendered":"Wunder Bibiana"},"content":{"rendered":"<h2>Biographie<\/h2>\n<div id=\"makeMeScrollable\">\n<div class=\"scrollingHotSpotLeft\"><br \/><br \/><\/div>\n<\/div>\n<p>Bibiana Wunder besuchte die grafische Lehranstalt in Salisbury im S\u00fcden von England und begann ab 1982 mit einer intensiven Ausstellungst\u00e4tigkeit mit Grafiken und Aquarellen in Wien, im Weinviertel und unter anderem in Alma Ata, der Hauptstadt von Kasachstan.<\/p>\n<p>Die bevorzugte Technik der K\u00fcnstlerin ist die Tuschzeichnung. Sie illustrierte mehrere B\u00fccher von Friedrich Heller und Helmut Pacholik. In letzter Zeit entstehen im Atelier der Wolkersdorferin \u00d6lkreiden- und \u00d6lbilder mit plakativ abstrakt ornamentalem Charakter. Die leuchtenden Farbfelder haben eine starke sinnliche emotionale Pr\u00e4senz und \u00c4sthetik.<\/p>\n<h2>Kontakt<\/h2>\n\n\n<figure class=\"wp-block-image\"><img loading=\"lazy\" decoding=\"async\" width=\"191\" height=\"250\" src=\"https:\/\/www.kuenstlergemeinschaft.at\/wp-content\/uploads\/2019\/08\/wunder.jpg\" alt=\"\" class=\"wp-image-2016\"\/><\/figure>\n\n\n\n<p>Bibiane Wunder<br>\nKellerg. 30<br>\n2120 Wolkersdorf<\/p>\n","protected":false},"excerpt":{"rendered":"<p>Biographie Bibiana Wunder besuchte die grafische Lehranstalt in Salisbury im S\u00fcden von England und begann ab 1982 mit einer intensiven Ausstellungst\u00e4tigkeit mit Grafiken und Aquarellen in Wien, im Weinviertel und unter anderem in Alma Ata, der Hauptstadt von Kasachstan. Die &hellip; <a href=\"https:\/\/www.kuenstlergemeinschaft.at\/?page_id=169\">Weiterlesen <span class=\"meta-nav\">&rarr;<\/span><\/a><\/p>\n","protected":false},"author":1,"featured_media":0,"parent":0,"menu_order":0,"comment_status":"open","ping_status":"open","template":"","meta":{"footnotes":""},"_links":{"self":[{"href":"https:\/\/www.kuenstlergemeinschaft.at\/index.php?rest_route=\/wp\/v2\/pages\/169"}],"collection":[{"href":"https:\/\/www.kuenstlergemeinschaft.at\/index.php?rest_route=\/wp\/v2\/pages"}],"about":[{"href":"https:\/\/www.kuenstlergemeinschaft.at\/index.php?rest_route=\/wp\/v2\/types\/page"}],"author":[{"embeddable":true,"href":"https:\/\/www.kuenstlergemeinschaft.at\/index.php?rest_route=\/wp\/v2\/users\/1"}],"replies":[{"embeddable":true,"href":"https:\/\/www.kuenstlergemeinschaft.at\/index.php?rest_route=%2Fwp%2Fv2%2Fcomments&post=169"}],"version-history":[{"count":11,"href":"https:\/\/www.kuenstlergemeinschaft.at\/index.php?rest_route=\/wp\/v2\/pages\/169\/revisions"}],"predecessor-version":[{"id":2332,"href":"https:\/\/www.kuenstlergemeinschaft.at\/index.php?rest_route=\/wp\/v2\/pages\/169\/revisions\/2332"}],"wp:attachment":[{"href":"https:\/\/www.kuenstlergemeinschaft.at\/index.php?rest_route=%2Fwp%2Fv2%2Fmedia&parent=169"}],"curies":[{"name":"wp","href":"https:\/\/api.w.org\/{rel}","templated":true}]}}