{"id":478,"date":"2012-06-30T20:57:17","date_gmt":"2012-06-30T20:57:17","guid":{"rendered":"http:\/\/www.kuenstlergemeinschaft.at\/?page_id=478"},"modified":"2012-12-27T17:47:56","modified_gmt":"2012-12-27T17:47:56","slug":"schettina-martina","status":"publish","type":"page","link":"https:\/\/www.kuenstlergemeinschaft.at\/?page_id=478","title":{"rendered":"Schettina Martina"},"content":{"rendered":"<h2>Biographie<\/h2>\n<div id=\"makeMeScrollable\">\n<div class=\"scrollingHotSpotLeft\"><\/div>\n<div class=\"scrollingHotSpotRight\"><\/div>\n<div class=\"scrollWrapper\">\n<div class=\"scrollableArea\" ><img decoding=\"async\" src=\"https:\/\/www.kuenstlergemeinschaft.at\/wp-content\/themes\/twentyten\/images\/schettina_030.jpg\"\/><img decoding=\"async\" src=\"https:\/\/www.kuenstlergemeinschaft.at\/wp-content\/themes\/twentyten\/images\/schettina_040.jpg\"\/><img decoding=\"async\" src=\"https:\/\/www.kuenstlergemeinschaft.at\/wp-content\/themes\/twentyten\/images\/schettina_050.jpg\"\/><img decoding=\"async\" src=\"https:\/\/www.kuenstlergemeinschaft.at\/wp-content\/themes\/twentyten\/images\/schettina_060.jpg\"\/><img decoding=\"async\" src=\"https:\/\/www.kuenstlergemeinschaft.at\/wp-content\/themes\/twentyten\/images\/schettina_010.jpg\"\/><img decoding=\"async\" src=\"https:\/\/www.kuenstlergemeinschaft.at\/wp-content\/themes\/twentyten\/images\/schettina_020.jpg\"\/><\/div>\n<\/div>\n<\/div>\n<p>1961 geboren in Wien. Studium der\u00a0<strong>Mathematik\u00a0<\/strong><strong>und Physik an der Universit\u00e4t Wien,\u00a0<\/strong>1983 Sponsion zum Magister der Naturwissenschaften. K\u00fcnstlerische Studien an der\u00a0<strong>Universit\u00e4t f\u00fcr angewandte Kunst Wien<\/strong>, sowie zus\u00e4tzlich bei\u00a0<strong>Ulrich Gansert,\u00a0<\/strong><strong>Peter Sengl<\/strong>, u.a. Seit 2010 Zusammenarbeit mit Bazon Brock.<\/p>\n<p>Seit 1992\u00a0<strong>Ausstellungen im In- und Ausland<\/strong>. Martina Schettina lebt und arbeitet in Langenzersorf bei Wien.<\/p>\n<p>Zahlreiche Preise und Auszeichnungen. Werke in \u00f6ffentlichen und privaten Sammlungen im In- und Ausland. Ordentliches Mitglied der IG Bildende Kunst und der BVBK.<\/p>\n<h2>Kontakt<\/h2>\n<p><a href=\"https:\/\/www.kuenstlergemeinschaft.at\/wp-content\/uploads\/2012\/06\/schettina5.jpg\"><img loading=\"lazy\" decoding=\"async\" class=\"alignnone size-full wp-image-488\" title=\"schettina\" src=\"https:\/\/www.kuenstlergemeinschaft.at\/wp-content\/uploads\/2012\/06\/schettina5.jpg\" alt=\"\" width=\"150\" height=\"226\" \/><\/a><\/p>\n<p><strong>Prof. Mag. Martina Schettina<\/strong><\/p>\n<p><strong><\/strong>Korneuburger Str. 64<br \/>\nA &#8211; 2103 Langenzersdorf<br \/>\nTel.: +43699 1551 3409<\/p>\n<p>Atelier Wien:<br \/>\nKluckygasse 7\/16-17, 1200 Wien<\/p>\n<p><a href=\"http:\/\/www.schettina.com\/\" target=\"_blank\">www.schettina.com<br \/>\n<\/a><a href=\"mailto:martina@schettina.com\" target=\"_blank\">martina@schettina.com<\/a><\/p>\n","protected":false},"excerpt":{"rendered":"<p>Biographie 1961 geboren in Wien. Studium der\u00a0Mathematik\u00a0und Physik an der Universit\u00e4t Wien,\u00a01983 Sponsion zum Magister der Naturwissenschaften. K\u00fcnstlerische Studien an der\u00a0Universit\u00e4t f\u00fcr angewandte Kunst Wien, sowie zus\u00e4tzlich bei\u00a0Ulrich Gansert,\u00a0Peter Sengl, u.a. Seit 2010 Zusammenarbeit mit Bazon Brock. Seit 1992\u00a0Ausstellungen im &hellip; <a href=\"https:\/\/www.kuenstlergemeinschaft.at\/?page_id=478\">Weiterlesen <span class=\"meta-nav\">&rarr;<\/span><\/a><\/p>\n","protected":false},"author":1,"featured_media":0,"parent":0,"menu_order":0,"comment_status":"open","ping_status":"open","template":"","meta":{"footnotes":""},"_links":{"self":[{"href":"https:\/\/www.kuenstlergemeinschaft.at\/index.php?rest_route=\/wp\/v2\/pages\/478"}],"collection":[{"href":"https:\/\/www.kuenstlergemeinschaft.at\/index.php?rest_route=\/wp\/v2\/pages"}],"about":[{"href":"https:\/\/www.kuenstlergemeinschaft.at\/index.php?rest_route=\/wp\/v2\/types\/page"}],"author":[{"embeddable":true,"href":"https:\/\/www.kuenstlergemeinschaft.at\/index.php?rest_route=\/wp\/v2\/users\/1"}],"replies":[{"embeddable":true,"href":"https:\/\/www.kuenstlergemeinschaft.at\/index.php?rest_route=%2Fwp%2Fv2%2Fcomments&post=478"}],"version-history":[{"count":5,"href":"https:\/\/www.kuenstlergemeinschaft.at\/index.php?rest_route=\/wp\/v2\/pages\/478\/revisions"}],"predecessor-version":[{"id":654,"href":"https:\/\/www.kuenstlergemeinschaft.at\/index.php?rest_route=\/wp\/v2\/pages\/478\/revisions\/654"}],"wp:attachment":[{"href":"https:\/\/www.kuenstlergemeinschaft.at\/index.php?rest_route=%2Fwp%2Fv2%2Fmedia&parent=478"}],"curies":[{"name":"wp","href":"https:\/\/api.w.org\/{rel}","templated":true}]}}